f 26367?
3, 11, 17, 47
What are the prime factors of 169695?
3, 5, 419
List the prime factors of 33370.
2, 5, 47, 71
List the prime factors of 1326.
2, 3, 13, 17
List the prime factors of 1069.
1069
What are the prime factors of 669?
3, 223
List the prime factors of 5322.
2, 3, 887
List the prime factors of 126740.
2, 5, 6337
What are the prime factors of 30477?
3, 10159
List the prime factors of 2641.
19, 139
What are the prime factors of 26780?
2, 5, 13, 103
What are the prime factors of 968?
2, 11
What are the prime factors of 144455?
5, 167, 173
List the prime factors of 1486.
2, 743
List the prime factors of 538.
2, 269
What are the prime factors of 807?
3, 269
What are the prime factors of 66178?
2, 7, 29, 163
What are the prime factors of 61371?
3, 2273
What are the prime factors of 19590?
2, 3, 5, 653
List the prime factors of 1177.
11, 107
List the prime factors of 1265.
5, 11, 23
List the prime factors of 26512.
2, 1657
What are the prime factors of 4007?
4007
List the prime factors of 1918.
2, 7, 137
What are the prime factors of 8392?
2, 1049
What are the prime factors of 778?
2, 389
What are the prime factors of 3065?
5, 613
What are the prime factors of 3457?
3457
What are the prime factors of 3985?
5, 797
List the prime factors of 41508.
2, 3, 1153
List the prime factors of 115754.
2, 31, 1867
List the prime factors of 41061.
3, 13687
What are the prime factors of 80?
2, 5
What are the prime factors of 1280?
2, 5
What are the prime factors of 29790?
2, 3, 5, 331
List the prime factors of 37217.
37217
List the prime factors of 28665.
3, 5, 7, 13
List the prime factors of 2787.
3, 929
What are the prime factors of 98984?
2, 12373
What are the prime factors of 5564?
2, 13, 107
What are the prime factors of 281?
281
What are the prime factors of 194?
2, 97
What are the prime factors of 87?
3, 29
List the prime factors of 1565.
5, 313
What are the prime factors of 59489?
19, 31, 101
What are the prime factors of 1011?
3, 337
List the prime factors of 4339.
4339
List the prime factors of 1287.
3, 11, 13
List the prime factors of 44386.
2, 22193
List the prime factors of 20434.
2, 17, 601
What are the prime factors of 53277?
3, 7, 43, 59
What are the prime factors of 8929?
8929
List the prime factors of 65211.
3, 21737
List the prime factors of 2162.
2, 23, 47
List the prime factors of 1258.
2, 17, 37
List the prime factors of 161.
7, 23
List the prime factors of 28302.
2, 3, 53, 89
List the prime factors of 12973.
12973
List the prime factors of 89309.
11, 23, 353
What are the prime factors of 8212?
2, 2053
What are the prime factors of 40903?
40903
What are the prime factors of 2311?
2311
What are the prime factors of 1164?
2, 3, 97
List the prime factors of 761.
761
List the prime factors of 3750.
2, 3, 5
List the prime factors of 107656.
2, 13457
What are the prime factors of 20533?
20533
List the prime factors of 84453.
3, 28151
List the prime factors of 1153.
1153
What are the prime factors of 1408?
2, 11
List the prime factors of 12040.
2, 5, 7, 43
What are the prime factors of 13430?
2, 5, 17, 79
What are the prime factors of 20365?
5, 4073
What are the prime factors of 485?
5, 97
List the prime factors of 2982.
2, 3, 7, 71
What are the prime factors of 2348?
2, 587
What are the prime factors of 12648?
2, 3, 17, 31
List the prime factors of 974.
2, 487
What are the prime factors of 832?
2, 13
List the prime factors of 48670.
2, 5, 31, 157
What are the prime factors of 2714?
2, 23, 59
What are the prime factors of 2678?
2, 13, 103
List the prime factors of 27113.
19, 1427
What are the prime factors of 1898?
2, 13, 73
List the prime factors of 1238.
2, 619
List the prime factors of 9691.
11, 881
What are the prime factors of 6962?
2, 59
List the prime factors of 1661.
11, 151
What are the prime factors of 598?
2, 13, 23
What are the prime factors of 189?
3, 7
List the prime factors of 2127.
3, 709
List the prime factors of 4794.
2, 3, 17, 47
What are the prime factors of 3725?
5, 149
What are the prime factors of 4182?
2, 3, 17, 41
List the prime factors of 5767.
73, 79
List the prime factors of 39795.
3, 5, 7, 379
List the prime factors of 727.
727
What are the prime factors of 820?
2, 5, 41
What are the prime factors of 19405?
5, 3881
List the prime factors of 529.
23
What are the prime factors of 34390?
2, 5, 19, 181
What are the prime factors of 4321?
29, 149
What are the prime factors of 81994?
2, 11, 3727
What are the prime factors of 20355?
3, 5, 23, 59
List the prime factors of 757.
757
List the prime factors of 267.
3, 89
List the prime factors of 726.
2, 3, 11
List the prime factors of 14426.
2, 7213
What are the prime factors of 40110?
2, 3, 5, 7, 191
What are the prime factors of 11411?
11411
List the prime factors of 63839.
63839
List the prime factors of 16783.
13, 1291
What are the prime factors of 28404?
2, 3, 263
What are the prime factors of 135652?
2, 11, 3083
List the prime factors of 31963.
31963
What are the prime factors of 3179?
11, 17
What are the prime factors of 536?
2, 67
What are the prime factors of 27130?
2, 5, 2713
What are the prime factors of 70411?
11, 37, 173
What are the prime factors of 7324?
2, 1831
List the prime factors of 4644.
2, 3, 43
What are the prime factors of 2887?
2887
List the prime factors of 9725.
5, 389
What are the prime factors of 848?
2, 53
List the prime factors of 1459.
1459
List the prime factors of 4959.
3, 19, 29
List the prime factors of 303.
3, 101
What are the prime factors of 113389?
149, 761
What are the prime factors of 296?
2, 37
List the prime factors of 7576.
2, 947
What are the prime factors of 29107?
13, 2239
What are the prime factors of 38458?
2, 7, 41, 67
What are the prime factors of 1166?
2, 11, 53
What are the prime factors of 16928?
2, 23
What are the prime factors of 43091?
41, 1051
List the prime factors of 91293.
3, 30431
List the prime factors of 110.
2, 5, 11
List the prime factors of 1421.
7, 29
What are the prime factors of 3129?
3, 7, 149
What are the prime factors of 47608?
2, 11, 541
List the prime factors of 16280.
2, 5, 11, 37
List the prime factors of 85861.
19, 4519
What are the prime factors of 3782?
2, 31, 61
What are the prime factors of 43651?
43651
What are the prime factors of 2239?
2239
List the prime factors of 37849.
7, 5407
What are the prime factors of 33854?
2, 16927
List the prime factors of 67647.
3, 22549
What are the prime factors of 2301?
3, 13, 59
List the prime factors of 120116.
2, 30029
List the prime factors of 8612.
2, 2153
List the prime factors of 8918.
2, 7, 13
List the prime factors of 37029.
3, 12343
List the prime factors of 157534.
2, 13, 73, 83
List the prime factors of 1962.
2, 3, 109
List the prime factors of 17847.
3, 661
What are the prime factors of 7174?
2, 17, 211
List the prime factors of 5766.
2, 3, 31
List the prime factors of 4797.
3, 13, 41
List the prime factors of 46468.
2, 11617
List the prime factors of 7249.
11, 659
What are the prime factors of 1167?
3, 389
What are the prime factors of 4768?
2, 149
What are the prime factors of 20256?
2, 3, 211
List the prime factors of 853.
853
What are the prime factors of 18981?
3, 19, 37
What are the prime factors of 16114?
2, 7, 1151
What are the prime factors of 36165?
3, 5, 2411
What are the prime factors of 6076?
2, 7, 31
List the prime factors of 121503.
3, 101, 401
List the prime factors of 9991.
97, 103
List the prime factors of 18142.
2, 47, 193
List the prime factors of 5110.
2, 5, 7, 73
What are the prime factors of 2645?
5, 23
What are the prime factors of 2114?
2, 7, 151
What are the prime factors of 7053?
3, 2351
List the prime factors of 3403.
41, 83
What are the prime factors of 4277?
7, 13, 47
List the prime factors of 3370.
2, 5, 337
What are the prime factors of 2575?
5, 103
List the prime factors of 4722.
2, 3, 787
What are the prime factors of 1108?
2, 277
List the prime factors of 1108.
2, 277
List the prime factors of 87818.
2, 19, 2311
List the prime factors of 17051.
17, 59
What are the prime factors of 336?
2, 3, 7
What are the prime factors of 46995?
3, 5, 13, 241
What are the prime factors of 5595?
3, 5, 373
What are the prime factors of 107?
107
What are the prime factors of 18744?
2, 3, 11, 71
List the prime factors o